?
14
What is the remainder when 286 is divided by 5?
1
Calculate the remainder when 204 is divided by 64.
12
Calculate the remainder when 957 is divided by 60.
57
Calculate the remainder when 398 is divided by 186.
26
Calculate the remainder when 560 is divided by 51.
50
Calculate the remainder when 221 is divided by 56.
53
What is the remainder when 36 is divided by 10?
6
Calculate the remainder when 160 is divided by 21.
13
Calculate the remainder when 39 is divided by 19.
1
What is the remainder when 678 is divided by 70?
48
Calculate the remainder when 4182 is divided by 79.
74
What is the remainder when 316 is divided by 67?
48
What is the remainder when 1069 is divided by 10?
9
Calculate the remainder when 57 is divided by 3.
0
What is the remainder when 45 is divided by 16?
13
Calculate the remainder when 293 is divided by 269.
24
Calculate the remainder when 79 is divided by 53.
26
Calculate the remainder when 1051 is divided by 28.
15
Calculate the remainder when 68 is divided by 35.
33
What is the remainder when 127 is divided by 24?
7
What is the remainder when 116 is divided by 22?
6
What is the remainder when 311 is divided by 34?
5
What is the remainder when 11985 is divided by 109?
104
Calculate the remainder when 135 is divided by 41.
12
What is the remainder when 184 is divided by 21?
16
Calculate the remainder when 43 is divided by 10.
3
Calculate the remainder when 1286 is divided by 8.
6
What is the remainder when 73 is divided by 15?
13
Calculate the remainder when 7850 is divided by 66.
62
Calculate the remainder when 1210 is divided by 47.
35
What is the remainder when 587 is divided by 21?
20
What is the remainder when 521 is divided by 231?
59
What is the remainder when 3176 is divided by 5?
1
What is the remainder when 248 is divided by 10?
8
What is the remainder when 103 is divided by 28?
19
Calculate the remainder when 2366 is divided by 2357.
9
Calculate the remainder when 85 is divided by 71.
14
What is the remainder when 914 is divided by 389?
136
What is the remainder when 1186 is divided by 174?
142
Calculate the remainder when 11253 is divided by 28.
25
Calculate the remainder when 103 is divided by 18.
13
What is the remainder when 142 is divided by 79?
63
What is the remainder when 6698 is divided by 26?
16
Calculate the remainder when 3788 is divided by 423.
404
What is the remainder when 1190 is divided by 590?
10
What is the remainder when 3935 is divided by 18?
11
Calculate the remainder when 510 is divided by 65.
55
Calculate the remainder when 84 is divided by 43.
41
What is the remainder when 115 is divided by 71?
44
Calculate the remainder when 482 is divided by 50.
32
Calculate the remainder when 587 is divided by 149.
140
Calculate the remainder when 116 is divided by 42.
32
Calculate the remainder when 3364 is divided by 841.
0
Calculate the remainder when 64 is divided by 18.
10
What is the remainder when 2795 is divided by 2787?
8
What is the remainder when 1393 is divided by 24?
1
Calculate the remainder when 2433 is divided by 811.
0
Calculate the remainder when 115 is divided by 92.
23
What is the remainder when 1156 is divided by 295?
271
Calculate the remainder when 1897 is divided by 269.
14
Calculate the remainder when 374 is divided by 63.
59
Calculate the remainder when 4781 is divided by 33.
29
Calculate the remainder when 2482 is divided by 248.
2
What is the remainder when 400 is divided by 71?
45
Calculate the remainder when 931 is divided by 233.
232
What is the remainder when 1580 is divided by 72?
68
Calculate the remainder when 1337 is divided by 135.
122
What is the remainder when 583 is divided by 409?
174
Calculate the remainder when 74 is divided by 9.
2
Calculate the remainder when 4533 is divided by 126.
123
Calculate the remainder when 190 is divided by 15.
10
Calculate the remainder when 1424 is divided by 696.
32
What is the remainder when 1099 is divided by 1088?
11
What is the remainder when 18 is divided by 10?
8
What is the remainder when 1632 is divided by 15?
12
What is the remainder when 534 is divided by 77?
72
What is the remainder when 46 is divided by 29?
17
Calculate the remainder when 391 is divided by 36.
31
What is the remainder when 216 is divided by 55?
51
What is the remainder when 23 is divided by 8?
7
What is the remainder when 668 is divided by 24?
20
What is the remainder when 207 is divided by 19?
17
Calculate the remainder when 34 is divided by 17.
0
What is the remainder when 265 is divided by 23?
12
What is the remainder when 4589 is divided by 28?
25
Calculate the remainder when 528 is divided by 43.
12
What is the remainder when 275 is divided by 190?
85
What is the remainder when 932 is divided by 47?
39
Calculate the remainder when 188 is divided by 51.
35
Calculate the remainder when 211 is divided by 115.
96
Calculate the remainder when 225 is divided by 215.
10
What is the remainder when 2721 is divided by 40?
1
What is the remainder when 875 is divided by 12?
11
What is the remainder when 110 is divided by 20?
10
What is the remainder when 71 is divided by 15?
11
Calculate the remainder when 109 is divided by 59.
50
What is the remainder when 582 is divided by 82?
8
What is the remainder when 88 is divided by 61?
27
Calculate the remainder when 255 is divided by 49.
10
Calculate the remainder when 5871 is divided by 81.
39
What is the remainder when 1167 is divided by 169?
153
Calculate the remainder when 4014 is divided by 16.
14
Calculate the remainder when 81 is divided by 77.
4
Calculate the remainder when 431 is divided by 151.
129
What is the remainder when 3012 is divided by 751?
8
What is the remainder when 3770 is divided by 9?
8
What is the remainder when 161 is divided by 27?
26
Calculate the remainder when 37 is divided by 23.
14
What is the remainder when 388 is divided by 57?
46
Calculate the remainder when 190 is divided by 53.
31
What is the remainder when 243 is divided by 209?
34
Calculate the remainder when 3737 is divided by 21.
20
Calculate the remainder when 371 is divided by 38.
29
Calculate the remainder when 170 is divided by 53.
11
Calculate the remainder when 147 is divided by 17.
11
What is the remainder when 94 is divided by 29?
7
Calculate the remainder when 1319 is divided by 63.
59
Calculate the remainder when 1249 is divided by 15.
4
What is the remainder when 13 is divided by 11?
2
Calculate the remainder when 824 is divided by 23.
19
What is the remainder when 106 is divided by 32?
10
Calculate the remainder when 61 is divided by 3.
1
What is the remainder when 1594 is divided by 80?
74
Calculate the remainder when 221 is divided by 97.
27
What is the remainder when 1433 is divided by 213?
155
What is the remainder when 124 is divided by 57?
10
What is the remainder when 15 is divided by 8?
7
What is the remainder when 436 is divided by 22?
18
Calculate the remainder when 488 is divided by 52.
20
What is the remainder when 397 is divided by 86?
53
Calculate the remainder when 558 is divided by 66.
30
What is the remainder when 1168 is divided by 127?
25
Calculate the remainder when 590 is divided by 5.
0
What is the remainder when 357 is divided by 52?
45
What is the remainder when 32 is divided by 24?
8
Calculate the remainder when 885 is divided by 369.
147
What is the remainder when 112 is divided by 89?
23
Calculate the remainder when 389 is divided by 99.
92
Calculate the remainder when 9307 is divided by 190.
187
Calculate the remainder when 122 is divided by 63.
59
What is the remainder when 12329 is divided by 45?
44
Calculate the remainder when 339 is divided by 48.
3
What is the remainder when 445 is divided by 85?
20
Calculate the remainder when 500 is divided by 98.
10
Calculate the remainder when 557 is divided by 138.
5
Calculate the remainder when 89 is divided by 13.
11
What is the remainder when 236 is divided by 66?
38
What is the remainder when 27 is divided by 11?
5
Calculate the remainder when 278 is divided by 151.
127
What is the remainder when 190 is divided by 118?
72
What is the remainder when 337 is divided by 5?
2
What is the remainder when 14477 is divided by 362?
359
What is the remainder when 742 is divided by 44?
38
Calculate the remainder when 1572 is divided by 3